3*f**3 - 7*f**2 - 10*f + 21. Let d be u(11). Suppose -x + d = 3*z + 985, -5*z + 3460 = 3*x. Is z composite?
True
Let r = 31 + -20. Suppose r*f = 9*f + 2238. Is f a prime number?
False
Let q = 20 - 8. Let a be (-731)/(-4) + q/(-16). Suppose -2*c + a = -0*c. Is c prime?
False
Let l(a) = 13*a**2 - a + 2. Let b be l(2). Is (b/39)/((-2)/(-21)) a prime number?
False
Suppose -3*p + 5*x - 5 + 2 = 0, p - 2*x = -2. Suppose -203 + 587 = -p*l. Is (-3)/(-3 + l/(-33)) composite?
True
Suppose 2*x = m - 108, -4*m = -2*x - 9*m - 120. Is (-16619)/(-11) + 155/x + 3 composite?
False
Suppose -2*r + g + 4 = -4, g = 4*r - 18. Let q(j) = -j + 6. Let v be q(r). Is (-2 + v)/(1/(-127)) a composite number?
False
Suppose -3*h + 0*n + 2*n = -34059, 56761 = 5*h - 2*n. Is h a composite number?
False
Let o(k) be the second derivative of 225*k**4/4 + k**3/3 + 11*k. Is o(1) a composite number?
False
Suppose -2*p + 5*y = -3003, y = -4*p + 3877 + 2184. Is p a composite number?
True
Suppose 4*l = 5*d - 10, -3*d + 2*d - 5*l - 27 = 0. Let g be ((-5)/2)/(1/d). Suppose 2*q - 4*n - 94 - 28 = 0, 0 = g*q + n - 338. Is q prime?
True
Let i be -1 - ((0 - -2) + -1). Let v be (1/i)/((-2)/548). Let a = 256 - v. Is a a prime number?
False
Let x = -124 - -92. Is -191*(x/7 - (-12)/(-28)) a prime number?
False
Suppose 0*v - 2*v + 5576 = 0. Let l = v - 921. Is l a prime number?
True
Let o be (-15)/6*6/5. Let g be (-1)/o + 66/18. Suppose 0 = 2*x - 4, 0 = -g*p - p - 2*x + 1739. Is p a composite number?
False
Let o = -462 + -295. Let i = 1062 + o. Let g = 600 - i. Is g prime?
False
Suppose -296 - 749 = -5*x. Is x a composite number?
True
Let m = 32762 - 12191. Is m composite?
True
Let r = -26986 - -49191. Is r a prime number?
False
Suppose -y = 3*h - 0*h - 538, -4*y - 3*h = -2143. Is y - ((1 - -3) + -2) prime?
False
Is (19174/(-3))/((-100)/(-12) - 9) a composite number?
False
Let o be (-2036)/(2*(3 + (-28)/8)). Is o - (-7)/((-21)/9) a prime number?
False
Let t(h) = h**3 + 38*h**2 - 129*h + 79. Is t(-38) composite?
True
Let q(v) = -274*v + 32. Let y be q(-6). Suppose 369 + y = 5*x. Is x composite?
False
Suppose 129*d - 1454165 = 34*d. Is d prime?
True
Let q(r) = 17*r**2 + 8*r - 13. Let t = 27 - 21. Is q(t) prime?
True
Let w = 96248 + -61831. Is w prime?
False
Let c = 177 + -85. Let v = 47 + c. Is v prime?
True
Let o = -7 + 15. Suppose -4*a + 0*a - 3*z + o = 0, -2*z + 10 = 5*a. Suppose a*m + 32 = 148. Is m a prime number?
False
Suppose i = -4*b - 7, -3*i - 6 = 3*b - 2*i. Let t(w) = 123*w**3 - w**2. Let a be t(1). Let d = b + a. Is d a prime number?
False
Let v(d) = -d**3 + 20*d**2 + 39*d - 35. Is v(18) a prime number?
False
Let k = -24 + 28. Suppose 0 = -4*j + 3*j + 2, -k*p + j + 714 = 0. Is p a prime number?
True
Let o(f) = 3*f**2 - f + 2. Let p be o(-2). Let x be 6214/65*(p - 1). Is x/12 + (-6)/(-4) prime?
False
Let o(l) = -l**2 + 3*l - 10. Let x be o(10). Is x/(-12) - (-2)/(-3) composite?
True
Let n(q) = q**2 + 9*q + 11. Let s be n(-8). Suppose g - s*g + 22 = 4*h, -4*h = 5*g - 25. Suppose 1174 = 7*v - 3*v - 2*p, h*v - 1450 = -p. Is v a prime number?
False
Suppose -4*u = -3*k + 1 - 6, -4*k = -2*u. Suppose 0 = -x - 9 + 296. Suppose 391 = u*c - x. Is c a prime number?
False
Suppose 30*d - 3*f + 5054 = 32*d, -3*d = -2*f - 7555. Is d prime?
True
Suppose -9*x = -36003 - 75984. Is x prime?
False
Suppose 21808 = -44*s + 60*s. Is s composite?
True
Let p(h) = -106*h - 11. Let f be 6/(-21) + 3/(63/(-57)). Is p(f) a composite number?
False
Suppose 5*b + 4*d - 4862 = 1869, 4*d = 3*b - 4013. Is b prime?
False
Suppose 8*x + 6 = -10. Is (-2231)/(-3) - x/(-3) composite?
False
Let u = -177 - 921. Let d = u - -1543. Is d a prime number?
False
Let t(i) = -i**3 - 2*i**2 - 5*i + 7. Let b be t(5). Let s = b - -524. Is s a composite number?
False
Suppose 370 = 4*c + q + 2352, 2*c = 4*q - 982. Let h = 3092 - c. Is h composite?
True
Suppose 7*k - 107292 = -5*k. Is k a composite number?
False
Let i(v) = -2*v - 29. Let t be i(0). Let a = t + 82. Is a composite?
False
Let s be (216/(-60))/(6/(-20)). Suppose 8*d = s*d - 1804. Is d composite?
True
Let p be -10229 + 2*(-3)/(-6). Is (-4)/(16/p)*1 prime?
True
Suppose -5*w + 5*o + 114 - 39 = 0, 3*w - 45 = -5*o. Let t = w - 15. Suppose 4*g = 4, t = -2*z - g + 739 - 152. Is z composite?
False
Suppose -4*f + 124 = -d, -6*f - 3*d = -f - 138. Suppose 0 = 4*k + 2*p, 0 = -5*k + 6*p - p + f. Suppose 100 = 2*b + k*b. Is b a composite number?
True
Let q be -2*(-12)/8 + 8. Suppose -4*u - q = -27. Is u prime?
False
Suppose 6*x + 39270 = 17*x. Suppose -1581 = 2*q + 2*m - 5149, 2*q + 4*m - x = 0. Is q composite?
False
Let t(i) = -14*i**3 + 7*i**2 + 23*i - 11. Let l be t(-10). Suppose l = 13*z - 2688. Is z a prime number?
True
Suppose 40 = y - 5*y. Is 3745/y*(-4 - -2) a prime number?
False
Suppose 13*k - 8 = 11*k. Suppose 0 = -6*t + 3*t - 2*a + 961, k*t + a - 1278 = 0. Is t prime?
False
Let s = -15 - -20. Let j(r) = 2*r**3 + 2*r**2 + 12*r - 7. Is j(s) a prime number?
True
Suppose q - 6 = -q. Suppose 5*m + 4*k = q*k - 40, 2*m - 2*k = -16. Is 364/m*1*-2 a composite number?
True
Let n(p) = p + 2. Let z(a) = 2*a + 3. Let i(w) = 7*n(w) - 3*z(w). Let u be i(-5). Suppose 3*b - 404 - 70 = u. Is b prime?
False
Suppose v = 2*o + 7, -8*o + 4*v = -4*o + 16. Is (0 - 1)*(-719)/(-3)*o a composite number?
False
Suppose 2*d + 4*b = -62, -4*d + b - 128 = -d. Let l = d + 118. Is l composite?
True
Let v(z) = 245*z**2 - 3*z - 2. Let f be v(2). Let w = 3259 - f. Is w a prime number?
True
Suppose 23989 = 20*t + 3*t. Is t a prime number?
False
Let d(z) = 2*z**3 + 18*z**2 - 14*z + 17. Is d(11) a prime number?
True
Let g be ((-204)/(-10))/((-29)/((-16965)/18)). Suppose 4*m = 2*v - 1130, -4*m - 1133 = -4*v + 3*v. Let x = g + m. Is x composite?
False
Let i(g) = -14 + 15 - 7 - 237*g - 8. Is i(-5) composite?
False
Let y = -2413 + 4722. Is y prime?
True
Let r(v) be the second derivative of -1/2*v**2 - v + 0 + v**4 + 0*v**3. Is r(-2) composite?
False
Let l(g) = 962*g - 27. Suppose j - 4 = -2*o + 20, -46 = -4*o - j. Is l(o) a prime number?
False
Let x(f) = f**3 + 20*f**2 + 23*f + 26. Is x(-17) a prime number?
False
Let i be -1 - (1 + (4 - 2)). Let l(v) = -150*v + 13. Is l(i) a prime number?
True
Let j(a) = -3*a - 54. Let l be j(-16). Is 2391*(-4*4/8)/l a prime number?
True
Let s = 21 - 15. Suppose -4*l + s*l = -12. Is (-6032)/(-24) + (-10)/l a composite number?
True
Let h be (-4)/18 + 112/18. Suppose 2*s - 796 = 2*m, -h*s + 2*s + 3*m = -1589. Is s composite?
True
Let k(i) = 4955*i + 420. Is k(5) a prime number?
False
Let f(a) = 176*a**3 - 6*a**2 + 12*a - 5. Is f(6) prime?
False
Let l = -886 + 1575. Let g = 1176 - l. Is g a prime number?
True
Let d = -3277 - -5796. Is d composite?
True
Suppose 5*a - 14 - 6 = 0. Suppose 5*p - p - 4*w - 20 = 0, 2*w + 4 = -a*p. Let u(c) = 133*c**3 + c - 1. Is u(p) a composite number?
True
Suppose 4*h + 12 = -2*h. Is 3 + -2 - h*39 prime?
True
Suppose -l + x = -6*l + 21, -5*l - 5*x + 25 = 0. Suppose -3*j + 2*y - 3*y + 6640 = 0, -l*y = -5*j + 11061. Is j composite?
False
Let p = -11 + 15. Suppose t - 95 = -p*t. Is t a prime number?
True
Suppose -5*v + 33 - 3 = 0. Suppose -5*d + 9 = -v. Suppose -d*f + r = -4*r - 775, f + r = 269. Is f prime?
False
Let v(q) = q**2 - 7*q + 13. Suppose 4*g + 1 = 3*t + 2*t, 4*g - 4*t = 0. Suppose -3*k = -40 + g. Is v(k) a prime number?
False
Let o = -2905 - -5078. Is o a composite number?
True
Let l = -834 + 302. Let y = l + 948. Let b = -289 + y. Is b composite?
False
Suppose 68*q = -35*q + 2286703. Is q a composite number?
True
Suppose 0 = -9*u + 5*u + 2*l - 688, 4 = -l. Suppose 4*c - n - 3*n + 1732 = 0, 3*c + 3*n = -1287. Let i = u - c. Is i prime?
True
Let h = 53 + -30. Let j = 214 + h. Suppose 0*n + n = j. Is n prime?
False
Let z(u) = 85*u**2 - 2*u + 1. Let n be z(1). Let w be (-2)/14 + (-2796)/(-21). Let k = n + w. Is k composite?
True
Suppose -3*s = -4*w - 285, 9*w + 3*s = 4*w - 363. Suppose -4*i + 46 = -222. Let k = i - w. Is k composite?
False
Is 9 - 460/50 - 214392/(-10) prime?
False
Let m(f) = 61*f**2 + f - 11. Is m(3) composite?
False
Let s(l) = -6*l**3 + 4*l**2 + 13*l - 14. Is s(-7) a composite number?
True
Let i = 147485 + -103756. Is i prime?
False
Suppose 12 = 5*l - 13. Suppose -2*a + 16 = 2*a, -l*a = 3*v - 32. Let z(h) = 16*h**2 + 2*h - 1. Is z(v) a compo